se 0 = -3*w + 18 - 6, 5*y - 2*w - 17 = 0. Suppose -y*s = -2935 - 1640. List the prime factors of s.
3, 5, 61
Suppose -12318 = -2*b - 2*v, -4*b + 2*v + 31768 = 7132. What are the prime factors of b?
3, 2053
Suppose -y + 49 = 44. Suppose y*v + 112 = 4*r - 0*r, -3*v = -5*r + 75. What are the prime factors of (-2 - v/8)/(1/52)?
2, 13
Let i be 0*(54/135)/(6/5). Suppose 2*r = -i*u + u + 842, -2*r = u - 842. List the prime factors of r.
421
Suppose -3*t = 8*y - 62156, 3*y - 5634 = -5*t + 98042. What are the prime factors of t?
2, 5, 17, 61
Suppose -33*u = -45*u - 36. Let j(r) = 39*r**2 - 11*r - 45. What are the prime factors of j(u)?
3, 113
List the prime factors of (350168/(-130))/(27/(-405)).
2, 3, 7, 13, 37
Suppose -3*j + 15 - 3 = 0. Suppose -139 - 61 = j*n. Let m = 191 + n. List the prime factors of m.
3, 47
Suppose 3*m - 301920 = -9*m - 5*m. What are the prime factors of m?
2, 3, 5, 37
Suppose 5*t - x = -5*x + 112, -x = -5*t + 97. Suppose t = 4*d + d. Suppose -r + 62 = -d*i, 4*r + 0*i - 220 = 2*i. What are the prime factors of r?
2, 3
Suppose 0 = 4*m + 4*g - 15992, 5*g + 19950 = -7*m + 12*m. Suppose -4*t + 774 = -m. What are the prime factors of t?
2, 149
Let d be 9 + 12 + -13 + 4*-1. List the prime factors of ((-2)/d)/(46/(-53176)).
2, 17
Let s(b) = -10*b**3 - 5*b**2 - 5*b - 3. Let w be -1*2*(3 + -16). Let j = w + -28. What are the prime factors of s(j)?
67
Suppose 5*u + 15*r - 94586 = 12*r, 0 = -3*r - 9. List the prime factors of u.
18919
Suppose 0 = -1726*c + 1772*c + 138. Let d(k) = -k**3. Let q(a) = 16*a**3 + 3*a**2 + 2*a + 9. Let o(r) = -6*d(r) - q(r). List the prime factors of o(c).
2, 3, 5
Let v be (-144)/((-1)/(-2) - 4/2). Suppose -2*i + 3*a = v, a + 59 = -i + 16. What are the prime factors of ((-72)/i)/(2/125)?
2, 5
Let j = -26012 - -37492. List the prime factors of j.
2, 5, 7, 41
Let s(x) = x - 4. Let c(v) = 1. Let q(t) = -5*c(t) - s(t). Let d(y) = 154*y + 3. Let r(j) = d(j) + q(j). List the prime factors of r(1).
5, 31
List the prime factors of (-49431)/(-9) + 5 + (-7)/21.
23, 239
Let m = 618 - -20460. What are the prime factors of m?
2, 3, 1171
Let t(y) = 42*y**2 - 52*y + 179. List the prime factors of t(9).
11, 283
Let p(u) = 430*u - 1692. List the prime factors of p(11).
2, 7, 31
Suppose -5*p + 3*t - 1102 = 0, -5*p - 3*t + 0*t - 1108 = 0. Let s = p - -224. List the prime factors of s.
3
Suppose -2*f + 3*z = -74218 - 68659, 3*f - 214335 = -2*z. What are the prime factors of f?
71443
Suppose 0 = -50*n - 58*n + 327240. List the prime factors of n.
2, 3, 5, 101
Let b(d) = 10*d**3 + 2*d**2 + 4*d + 22. Let n be b(5). Suppose 4*p - n = u, 3*p - 4*u + 0*u - 1000 = 0. What are the prime factors of p?
2, 3, 7
Let q(h) = -18*h**3 + 3*h**2 + 6*h + 4. Let g = 844 - 846. List the prime factors of q(g).
2, 37
Suppose 0 = -23*h + 546316 + 184785. What are the prime factors of h?
7, 19, 239
Let i be (1 - 8/4)*1. Let t be i + 4 + (215 - 4/(-2)). Suppose 0 = 3*b - 7*b + t. What are the prime factors of b?
5, 11
Let z = -840 - -877. Let p be (-2)/(-4) + 54/12. Suppose 0 = r - 3*s - z, 4*r + p - 164 = s. List the prime factors of r.
2, 5
Let z(u) = -84*u**3 + u**2 + 2*u - 2. Let r be z(1). Let q = r + 85. Suppose q*p = 5*v - 249, -74 + 212 = 3*v - 5*p. List the prime factors of v.
3, 17
Let y = -79 - 50. Let g = y - -547. What are the prime factors of g?
2, 11, 19
Suppose -23*d + 16*d + 21 = 0. Suppose r - 5*x + 13 = 0, -4 = -d*x + 8. Suppose 5*b - 121 = r*h - 3*h, -5*b + 109 = -h. List the prime factors of b.
3, 7
Let u be -3*77/(-21)*16/(-2). Let d be u*(-5)/(-10)*-7. Let z = d + -200. What are the prime factors of z?
2, 3
Suppose -35 = 5*i, 146*i = -b + 142*i + 15844. What are the prime factors of b?
2, 31
Let x = -234 + 240. Suppose -b - x*z = -z - 358, -b + 352 = 2*z. What are the prime factors of b?
2, 3, 29
Suppose 5*q = 22 + 3. Let g be ((-36)/(-4) - q)/(1 - -1). Suppose o = 4*b - 32 + g, -25 = -3*b + 2*o. What are the prime factors of b?
7
Let k(g) = -2781*g + 3670. List the prime factors of k(-6).
2, 7, 727
Suppose 10*o - 4583 = 4597. Suppose 2*x = -230 + o. List the prime factors of x.
2, 43
Suppose 2*o - 3*q - 402 = -2*q, 404 = 2*o - 2*q. Let y = o + -55. What are the prime factors of y?
5, 29
Let c = 434 + -428. List the prime factors of c/18*12*447/2.
2, 3, 149
Suppose -65*q + 101806 = 16206 - 16970. What are the prime factors of q?
2, 3, 263
Suppose -5*r = -a - 80255, 2*r - 17787 - 14288 = -5*a. List the prime factors of r.
2, 3, 5, 107
Let r(d) = 1179*d**2 - 16*d - 33. What are the prime factors of r(-2)?
5, 23, 41
Suppose 4*l = 3*l + 44. Let o be (-1)/(-4) - l/(-16). Suppose 0 = -o*s + 3*k + 180, -s - 4*k + 4 + 56 = 0. What are the prime factors of s?
2, 3, 5
Suppose 2*g - 10 = 0, -2*g - 36000 = -12*a + 7*a. What are the prime factors of a?
2, 13, 277
Let u(m) = 20*m**2 + 26*m - 142. What are the prime factors of u(5)?
2, 61
Let f(k) = 11*k**2 + 2*k + 2. Let c = 58 - 51. Suppose 0 = 4*s + 16, 3*b + s + c = 0. What are the prime factors of f(b)?
11
Let g(z) = 4179*z + 5548. List the prime factors of g(5).
31, 853
Let s(k) = 6*k**2 + 307*k - 18. List the prime factors of s(-63).
3, 5, 11
Suppose 5*n = 10, -5*g + 26 = -0*n - 2*n. Suppose -4*b = f - 12, g*f - 8*f - b = -3. Suppose f*i + 3*i - 66 = 0. What are the prime factors of i?
2, 11
Let u be (-5 - (3 + -3)) + 5. Suppose -4*i - 175 + 635 = u. List the prime factors of i.
5, 23
Let t be -3 + -3 - 25/(-5). Let g(b) = 40*b**2 - 6*b - 5. What are the prime factors of g(t)?
41
Suppose 7039*k - 7035*k = -3*x + 7431, 5*k = -30. List the prime factors of x.
5, 7, 71
Let p(q) = -10*q**2 + 396 + 191 - 16 - 30*q + 32*q + 14*q**2. List the prime factors of p(0).
571
Let z = 114 - -142. Suppose -z*y + 260*y - 4620 = 0. What are the prime factors of y?
3, 5, 7, 11
Suppose 4*s = s + 3*i + 12, -5*s = 5*i - 30. Suppose s*p - 1075 = -60. List the prime factors of p.
7, 29
Let h = -10910 - -18550. Suppose f = 21*f - h. List the prime factors of f.
2, 191
Let a = -1446 + 673. Let v = 151 - a. Suppose -15*q = -4*q - v. What are the prime factors of q?
2, 3, 7
Suppose 4*w + 126 = 18. Let u = w + 25. What are the prime factors of ((-12)/4)/(77/(-37) - u)?
37
List the prime factors of 10417328/306 + 50/(-90).
59, 577
Let f(n) = -n**3 - 3*n**2 - 3*n - 5. Let y be f(-3). Suppose 88 = y*c - 5*x, -2*c = 9*x - 5*x - 44. Suppose -97 + c = -3*v. List the prime factors of v.
5
Suppose -3*m - 13 = -7*i + 6*i, 4*m - 2*i = -18. What are the prime factors of (-1826)/m - (6 - (-104)/(-16))?
457
Suppose -p + 1 = -3, 5*p - 2336 = -3*n. Suppose -425 = 4*h + 5*d - 1447, -d = 3*h - n. List the prime factors of h.
2, 3, 43
Let h = -5099 - -16057. What are the prime factors of h?
2, 5479
Suppose 37*w + 435794 - 669320 = 1501071. List the prime factors of w.
3, 5209
Let r be ((-12)/8)/((-12)/176). Let t(w) = w**3 - 20*w**2 - 9*w - 3. What are the prime factors of t(r)?
13, 59
Let l(z) = -39*z + 23. Suppose -4*n + 313 = 3*c, 3*c - 4*c + 117 = -5*n. Let h = c - 112. What are the prime factors of l(h)?
2, 109
Let m be 18/8 + (-6)/(-8). Suppose -2*g - 19 = -3*y - m*g, 2*g - 17 = -3*y. Let w(o) = 22*o + 48. List the prime factors of w(y).
2, 101
Suppose 3675 = -13*v - 11808. Let u = v - -1790. What are the prime factors of u?
599
Let a(t) = t**3 + 14*t**2 + 7*t - 12. Let g be ((-168)/(-35) - 5) + 181/5. Suppose 3*q = 3*k - g, -74 = 4*q + 2*k - 20. List the prime factors of a(q).
2, 3, 11
Suppose 2*x = -4*h + 14, 5*h = -x - 0*h + 4. Let v(b) = -21*b - 86. Let o(a) = 20*a + 98. Let c(l) = -3*o(l) - 4*v(l). What are the prime factors of c(x)?
2, 7, 19
Let n(o) = 2*o**2 - 17*o - 54. Let j be n(10). What are the prime factors of 17*18/j*-28?
3, 7, 17
Suppose -224917 = 410*a - 421*a. List the prime factors of a.
7, 23, 127
Let i(l) = 1332*l - 1066. List the prime factors of i(5).
2, 2797
Suppose u = 1 + 2. Let m(f) = 2*f**2 - 9*f - 3. Let s be m(u). Let j = 52 + s. List the prime factors of j.
2, 5
Suppose -2*o + 4*n + 9110 = 0, 74*n - 18272 = -4*o + 69*n. What are the prime factors of o?
3, 13
Let m = 25552 - 12515. List the prime factors of m.
13037
Let x(r) = 6*r + 16*r + 11*r - 34*r - 4*r**2 + 328. List the prime factors of x(0).
2, 41
List the prime factors of (-25767)/(-5) - (-70)/(-175).
5153
Let m(b) = -1018*b - 3513. List th